 digit of s?
1
Let x(u) = -u - 17. Let f be x(-7). What is the units digit of (f/(-4))/(6/12)?
5
Let v = -4 - -64. What is the units digit of v?
0
Let b(n) = -2*n**2 - 8*n + 4. Let u be b(-4). Suppose u*r = 45 + 7. What is the units digit of r?
3
Suppose -3*z - 96 = -4*b, 0*b - 34 = -2*b - 2*z. Suppose -b = -a + 9. What is the tens digit of a?
3
Let y = -8 + 24. Let u(f) = f**2 - 4*f - 7. Let i be u(5). What is the units digit of y/(-2)*i/4?
4
Suppose o - p + 18 + 4 = 0, -2*o + 3*p - 47 = 0. Let t = o - -27. What is the units digit of t?
8
Let t = 70 + -27. Let u = -6 + t. What is the units digit of u?
7
Let n be (-304)/(-10) + 2/(-5). Let l = 59 - n. Suppose -5*j = 4 - l. What is the units digit of j?
5
Let r(o) = -o + 4. Let n be r(0). Let v(i) = -2*i**3 - 3*i**3 - 5 + 3*i**2 + 2*i**2 + 4*i**3. What is the tens digit of v(n)?
1
Let y(v) = -v**2 + v. Suppose 3 - 1 = b. Let d be y(b). Let z = 10 + d. What is the units digit of z?
8
What is the units digit of 6/18 + (-114)/(-9)?
3
Suppose 5*r = 10, -k + 5*r = 13 - 3. Suppose i - 2*i + 25 = k. What is the tens digit of i?
2
Let i(y) = 49*y. Let v be i(1). Let a = v - 26. What is the units digit of a?
3
Let m(w) = 2*w**2 - 9*w - 16. What is the tens digit of m(-6)?
1
Let j(l) = 7*l**3 - 6*l + 26. Let g(v) = -6*v**3 + 5*v - 26. Let y(a) = -6*g(a) - 5*j(a). What is the tens digit of y(0)?
2
Let m be (5 - 1)*6/8. Suppose -m*p - 4*u = -34, -5*p - 8*u + 3*u + 65 = 0. What is the tens digit of p?
1
Let b = 109 - 38. What is the units digit of b?
1
Suppose -288 = -2*a - 4*y, -3*a + 0*a + y = -446. What is the tens digit of a?
4
Let q(a) = a**2 - 5*a + 2. Let x be q(3). Let p = 6 + x. What is the units digit of p?
2
Let t(u) = 3*u**2 - 5*u - 4*u**3 + 4*u**3 + u**3. Let a(b) = b + 5. Let j be a(-9). What is the units digit of t(j)?
4
What is the units digit of (-204)/(-8) + 3/(-6)?
5
Let k(l) = 26*l**2 + 8*l - 18. What is the units digit of k(4)?
0
Suppose 5*d = 71 + 34. What is the tens digit of d?
2
Let p(m) = -7*m - 2. Let b be p(4). What is the units digit of (-6)/45 + (-634)/b?
1
Let k = -6 + 1. Let f = 35 - k. Suppose -5*u - 20 = 0, -4*b - 2*u + f = -b. What is the units digit of b?
6
Let d(o) = o + 178. What is the units digit of d(0)?
8
Let y be 2 + 0 + -1 - -2. Suppose y*z + g = 89, 0*z - 2*z + 56 = 4*g. What is the units digit of -2 + (-1)/((-3)/z)?
8
Let z(j) = j**2 + 7*j + 4. Let c be z(-7). Suppose x + g - 10 = -x, -5*x = c*g - 31. What is the units digit of x?
3
Let p(w) = -4*w - 21. What is the tens digit of p(-8)?
1
Let p(l) = -l - 1. Let u(b) = b + 2. Let x(d) = -2*p(d) - u(d). Let k be x(-10). What is the units digit of -12*(-2 - k/6)?
4
Let n = 93 - -2. Let x = n - 50. What is the units digit of x?
5
Let v be -10 - -7 - -6*1. Suppose 0 = -2*k - v*k + 5. What is the units digit of k?
1
Let l(c) = -c**3 + 6*c**2 + c - 7. Let t be l(6). Let q(w) = -3*w**3 + w**2 - w - 1. Let i be q(t). What is the units digit of i - (2 - (1 - 1))?
2
Let i(n) = 9*n**3 - 15*n**2 + 2*n + 11. Let a(l) = -4*l**3 + 7*l**2 - l - 5. Let u(g) = 7*a(g) + 3*i(g). What is the units digit of u(3)?
4
Let q = 10 + -7. Let z(f) = -8*f**2 + 4*f + 2*f + 0*f + f + 9 + f**q. What is the units digit of z(7)?
9
Let t(u) = u**2 - 8*u + 10. Let f be (-2)/4 + 15/2. Let v be t(f). Let p = -2 + v. What is the units digit of p?
1
Suppose 5*j = -23 + 48. What is the units digit of j?
5
Suppose -2*m - m - 6 = 0, -3*m = s + 3. Suppose -s*n = n - 108. What is the units digit of n?
7
Let p(a) = 3*a**2 - 1. Suppose -3*l - 2 = 1. Let s be p(l). Suppose s*v + 2*v - 20 = 0. What is the units digit of v?
5
Let j = -15 - -61. What is the units digit of j?
6
Suppose -6*o + o + 105 = 0. Let n = -3 + o. What is the tens digit of n?
1
What is the units digit of (70 - (-3 - -3))*1?
0
Let k(f) = f**2 - 8*f + 9. Let m be k(6). Let n be ((-1)/(-3))/(m/(-9)). Suppose -3*l = 3*z + 3, n = -4*z - 11. What is the units digit of l?
2
Let p be 2 - (2 + -1) - -34. Let m = p + -19. What is the tens digit of 2/8 + 236/m?
1
Let m(s) = 62*s**2 + 1. What is the units digit of m(-1)?
3
Let o(i) = -i**2 - 9*i + 12. Let b be o(-10). Suppose g = 5*g - 2*t - 126, -5*t = b*g - 57. What is the tens digit of g?
3
Let n = -3 - 0. Suppose -f - 36 = -4*d - 5*f, -f + 5 = 0. Let u = d + n. What is the units digit of u?
1
Let n(m) = -10*m**3 + m**2 - 1. Let g be n(-1). Let t = g + -8. Suppose t*h - 15 = 5. What is the units digit of h?
0
Let l be 7/4 - (-1)/4. Suppose 5*t = n + 17, -l*t + 0*t = -10. What is the units digit of n?
8
Let o(p) = -p**3 + 14. Let t be o(0). Let s(m) = m + 12. Let c be s(-7). Let d = t - c. What is the units digit of d?
9
Suppose -4*i = 3*s - 162, 3*i = 2*s + 117 + 13. Suppose -3*t + i = -0*t. What is the tens digit of t?
1
Let v(s) = -s**3 + 9*s**2 - 3*s. Let i be v(8). Let r(k) = -k**3 - 4*k**2 + 7*k - 4. Let y be r(-6). Let q = i - y. What is the units digit of q?
4
Let r(p) = p**3 - 4*p**2 + 2. Let v be r(4). Let c be (0 + -1 + v)*3. Suppose 5*s = 0, 0*i - c*i - 4*s + 36 = 0. What is the units digit of i?
2
Let u(q) = 8*q. Suppose -m = 4*x + 15, -2*m + 3*x = -x - 18. What is the units digit of u(m)?
8
Let g = 104 - 73. What is the units digit of g?
1
Suppose -36*r + 250 = -34*r. What is the hundreds digit of r?
1
Suppose 3*u - 12 = 3*d, 5*u + 2*d - d + 4 = 0. Let y be (-6)/15 - 154/(-10). Suppose u = 2*s - 4*a + 4, 3*s - y - 9 = -4*a. What is the units digit of s?
4
Let m = -4 - -2. Let j be -5*(m - (-3)/3). Let a = j + 3. What is the units digit of a?
8
Suppose -5*i - 2*w = 6, -4*i + 2*w = -2 - 4. Suppose i = -0*o + 4*o - 20. Suppose 3*g + 4 = o*v, -v = 5*g - 2*v - 30. What is the units digit of g?
7
Let w(d) = -25*d**3 + 2. What is the hundreds digit of w(-2)?
2
Let l be 1*26*(-2)/(-4). Suppose -n + l = -0*n. Suppose 0*q = -o + 4*q + 1, 2*o - n = -3*q. What is the units digit of o?
5
Let l(n) = 4*n + 1 - 1 - 11*n**2 - 2. Let r be l(2). Let o = r + 55. What is the units digit of o?
7
Let z(v) = -2*v**2 + 6*v - 2. Let o be z(4). Let k be o/(-15) - 4/6. Suppose k = r - 3*r + 20. What is the tens digit of r?
1
Let o(n) = n**3 + 5*n**2 + 2*n + 6. What is the units digit of o(-4)?
4
Let n(h) = -h**3 + 2*h**2 - h + 2. Let m be n(2). Suppose 2*a - 4*a = m. Suppose a*r - 45 = -5*r. What is the units digit of r?
9
What is the units digit of (-112)/(-20) + (-1)/10*-4?
6
What is the units digit of 1*(-2 + 3) + 0?
1
Let q(p) = -p - p**2 + 30*p**3 + 4*p - 3*p. What is the units digit of q(1)?
9
Let m = 103 + -74. Suppose m + 121 = 3*q. What is the units digit of q?
0
Suppose -3*s + 4 = -11. Let j be (-158)/(-5) - (-2)/s. Let t = j - 19. What is the tens digit of t?
1
Suppose -6 = -3*k, -208 = 2*w + w - 2*k. Let b = 101 + w. What is the units digit of b?
3
Let a(n) = -n**2 + 8*n - 9. Suppose -t = -4 - 2. Let o be a(t). Suppose 0 = -0*l + o*l - 5*c - 20, 0 = -3*c + 6. What is the tens digit of l?
1
Let i be 43/(-4)*4/(-1). Suppose -5*v + p = -47, 3*v + p = -2*v + i. What is the units digit of v?
9
Suppose -32 - 19 = -i. What is the units digit of i?
1
Suppose -b + 18 = 5*t, b - 3*t + 3 = -11. Let x be (-10)/(b - 12/(-5)). Let y = -14 - x. What is the tens digit of y?
1
Suppose -2*v + 34 = p, 3*p - 2*v - 230 = -2*p. What is the tens digit of p?
4
Let w(i) = 2*i - 2. Let u be w(15). Suppose 3*v - 63 = -0*v. Suppose v = 2*z - d, 2*z - 5*d = -z + u. What is the tens digit of z?
1
Suppose -8*i + 108 = -7*i. What is the tens digit of i?
0
Let q be ((-15)/(-6))/(3/(-6)). Let i = 5 - -7. Let v = q + i. What is the units digit of v?
7
Suppose -7*c + 2*c + 3*n = -139, 0 = c - 3*n - 35. What is the units digit of c?
6
Let l(r) be the second derivative of r**7/2520 - r**6/180 - r**5/40 - r**4/12 + 2*r. Let y(a) be the third derivative of l(a). What is the units digit of y(5)?
2
Suppose 3*r - 165 + 747 = 3*j, -j + 190 = -5*r. What is the units digit of j?
5
Let f be (36/10)/((-9)/(-240)). Suppose 0 = -4*u + f - 16. What is the units digit of u?
0
Suppose -i - 4*i + 95 = 0. What is the tens digit of i?
1
Let n = -240 - -342. What is the tens digit of n?
0
Suppose 90 = 5*k + 35. What is the tens digit of k?
1
Suppose -6*s + 82 = -74. What is the tens digit of s?
2
Suppose -3*n = 2*n - 60. Suppose 6 = c + 2*c. Suppose 2*r - n = c. What is the units digit of r?
7
Let f = -4